Let c(w) = -w**3 - 35*w + 90. Give c(6).
-336
Let i(g) = -31*g - 3339. Calculate i(-108).
9
Let t(p) = p**2 + 78*p + 1132. Give t(-59).
11
Let v(f) = 7*f + 383. Determine v(-50).
33
Let y(i) = -75*i + 661. What is y(7)?
136
Let o(k) = -k**3 - 14*k**2 + 139*k + 82. Give o(7).
26
Let r(f) = 2*f**2 + 34*f - 385. Determine r(-25).
15
Let k(a) = -156*a + 7346. Calculate k(47).
14
Let r(x) = 56*x + 3599. What is r(-64)?
15
Let h(m) = m**3 + 69*m**2 + 74*m + 393. Give h(-68).
-15
Let n(z) = -15*z**2 + 129*z + 47. Calculate n(9).
-7
Let b(t) = t**3 + 4*t**2 - 8*t + 21. Give b(4).
117
Let q(l) = l**3 - 33*l**2 + 79*l - 1499. Give q(32).
5
Let h(x) = x**3 + 47*x**2 + 314*x + 6109. Determine h(-43).
3
Let z(l) = -2*l**3 + l**2 + 19*l - 3. What is z(5)?
-133
Let x(n) = -7*n**3 + 21*n + 19. Determine x(-1).
5
Let v(o) = -57*o + 1429. Calculate v(30).
-281
Let h(z) = -261*z - 760. Determine h(-3).
23
Let x(y) = -449*y - 595. Calculate x(-2).
303
Let k(v) = -v**3 - 78*v**2 - 437*v - 369. Determine k(-72).
-9
Let t(f) = -f**3 + 13*f**2 + 330*f - 4128. What is t(12)?
-24
Let p(b) = 50*b - 1560. Calculate p(31).
-10
Let x(j) = 5275*j + 26351. What is x(-5)?
-24
Let l(v) = 3*v**2 - 16*v + 11. What is l(4)?
-5
Let z(k) = 2*k**2 - 13*k - 73. Calculate z(10).
-3
Let b(r) = -137*r + 439. What is b(5)?
-246
Let h(v) = 132*v - 391. Calculate h(3).
5
Let x(d) = -2*d**2 + 155*d - 1144. What is x(8)?
-32
Let t(o) = -o**3 - 21*o**2 - 43*o + 144. Calculate t(-18).
-54
Let m(a) = 3*a**3 + 16*a**2 + 205*a + 1017. Calculate m(-5).
17
Let g(c) = -c**3 + 11*c**2 - 12*c. Give g(2).
12
Let w(l) = l**2 + 17*l + 52. Determine w(-8).
-20
Let b(f) = -228*f - 257. Determine b(-1).
-29
Let s(v) = 4*v**3 + 8*v**2 - 2*v + 4. What is s(-3)?
-26
Let x(m) = -9*m**2 + 18*m - 42. Calculate x(4).
-114
Let c(d) = -8*d**2 + 77*d - 36. What is c(9)?
9
Let b(q) = -q**2 + 18*q + 22. Give b(20).
-18
Let y(k) = -20*k**2 - 242*k + 14. Give y(-12).
38
Let o(j) = -11*j + 962. Calculate o(68).
214
Let h(c) = -1635*c + 4894. Calculate h(3).
-11
Let c(t) = -3*t**2 - 98*t - 810. What is c(-16)?
-10
Let j(f) = -5*f**3 + 252*f**2 - 99*f - 49. Calculate j(50).
1
Let j(k) = -588*k - 1111. What is j(-2)?
65
Let n(k) = 100*k + 2299. Calculate n(-23).
-1
Let n(x) = x**3 - 2*x**2 + 4*x - 1. Calculate n(6).
167
Let a(u) = 7*u**2 + u - 1. Give a(4).
115
Let n(s) = 25*s**3 + 3*s**2 - 15*s + 13. What is n(1)?
26
Let h(c) = c**3 + 37*c**2 - 43*c - 227. What is h(-38)?
-37
Let t(f) = -31*f - 1709. What is t(-55)?
-4
Let z(n) = n**3 - 5*n**2 - 13*n + 69. Give z(6).
27
Let n(g) = -g**3 + 14*g**2 + 11*g - 61. Calculate n(15).
-121
Let z(c) = 2*c**2 - 132*c - 103. Calculate z(64).
-359
Let p(h) = 28*h**2 - 398*h - 36. Give p(14).
-120
Let d(k) = -626*k + 1255. Give d(2).
3
Let s(k) = 992*k + 7921. Give s(-8).
-15
Let g(i) = 119*i - 708. What is g(6)?
6
Let l(c) = 34*c - 15. What is l(5)?
155
Let h(u) = -3*u**2 + 153*u - 326. Determine h(48).
106
Let x(k) = 137*k - 30836. Give x(225).
-11
Let l(n) = n**3 + n**2 - 18*n - 45. Determine l(5).
15
Let i(k) = 4*k**3 - 4*k**2 + 4*k - 4. Calculate i(2).
20
Let q(b) = -b**2 + 29*b + 39. Determine q(14).
249
Let o(k) = 344*k + 1380. What is o(-4)?
4
Let r(m) = m**2 - 54*m + 89. Calculate r(52).
-15
Let p(q) = -59*q + 21. Give p(-2).
139
Let l(y) = 182*y - 3276. Calculate l(18).
0
Let c(i) = 1069*i + 61993. Calculate c(-58).
-9
Let q(g) = 741*g + 4471. Give q(-6).
25
Let f(k) = -54*k + 186. What is f(20)?
-894
Let i(a) = -1282*a + 7716. Give i(6).
24
Let x(u) = 15*u - 7. Calculate x(-5).
-82
Let f(q) = -q**3 + 25*q**2 - 90*q + 167. What is f(21)?
41
Let a(c) = 2*c**3 + 141*c**2 - 366*c - 62. Calculate a(-73).
11
Let g(z) = z**3 - 4*z**2 + 2*z + 2. Determine g(4).
10
Let h(r) = r**3 - 11*r**2 - 30*r + 86. Give h(12).
-130
Let h(u) = -u**3 + 3*u**2 - 16*u + 44. What is h(5)?
-86
Let f(m) = -20*m**2 - 1990*m + 1013. What is f(-100)?
13
Let g(f) = -10*f + 329. What is g(33)?
-1
Let p(x) = -33*x + 727. Give p(48).
-857
Let a(h) = -8*h - 249. Calculate a(-30).
-9
Let f(d) = -d**3 + 12*d**2 - 63*d + 451. Determine f(10).
21
Let h(i) = 2*i**3 + 127*i**2 - 1067*i - 118. What is h(-71)?
24
Let a(z) = -6*z**2 + 211*z - 36. Give a(35).
-1
Let p(k) = -2*k**3 + 11*k**2 - 14*k + 39. Determine p(5).
-6
Let d(g) = -22*g - 558. Give d(-52).
586
Let t(c) = c**2 - 43*c + 141. Determine t(4).
-15
Let y(j) = -j**3 - 183*j**2 + 2369*j + 5662. Calculate y(-195).
7
Let z(d) = d**3 + 10*d**2 - 38*d - 531. Calculate z(-12).
-363
Let w(t) = -5*t**2 - 427*t - 166. Calculate w(-85).
4
Let y(z) = 98*z - 1452. Give y(15).
18
Let g(l) = l**2 - 179*l + 2621. Calculate g(16).
13
Let a(t) = 3*t**2 + 93*t + 686. Determine a(-12).
2
Let s(q) = -388*q - 751. What is s(-2)?
25
Let v(b) = b**2 + 82*b + 1641. Calculate v(-38).
-31
Let v(r) = 4*r**2 - 288*r - 645. Calculate v(74).
-53
Let b(k) = -7*k - 27. Give b(-3).
-6
Let i(j) = -27*j**2 + 7*j - 1. Give i(-2).
-123
Let z(d) = -d**2 - 16*d - 22. Determine z(-15).
-7
Let x(t) = -t**2 + 14*t + 489. Determine x(0).
489
Let d(v) = 23*v + 27. Calculate d(-6).
-111
Let d(m) = -m**2 + 53*m + 3075. What is d(88)?
-5
Let y(r) = 37*r - 678. Calculate y(19).
25
Let u(x) = -x**2 + 36*x - 194. Determine u(26).
66
Let a(u) = -6276*u**2 + 37656*u + 5. What is a(6)?
5
Let k(i) = 29*i - 24. What is k(-3)?
-111
Let l(b) = -2*b**3 - b**2 - 6*b + 6. Determine l(4).
-162
Let v(t) = 21*t**2 - 1205*t - 3602. What is v(-3)?
202
Let z(k) = 38*k + 314. What is z(-7)?
48
Let v(q) = -q**3 - 53*q**2 + 284*q - 351. Calculate v(-58).
-3
Let r(o) = -o**3 + o**2 + 40*o - 13. Determine r(6).
47
Let a(h) = -8*h**2 - 311*h - 549. Give a(-37).
6
Let a(c) = -c**3 - 11*c**2 - 5*c. What is a(0)?
0
Let q(f) = -5*f**2 - 863*f - 4218. Give q(-5).
-28
Let y(j) = -2*j**3 - 13*j**2 - 47*j - 252. Calculate y(-6).
-6
Let d(x) = -x**3 + 13*x + 20. Calculate d(5).
-40
Let h(v) = -33*v + 448. What is h(14)?
-14
Let v(q) = 20*q + 119. Give v(13).
379
Let w(r) = -r**3 + 17*r**2 - 40*r - 23. Give w(14).
5
Let i(r) = 25*r**2 + 20*r - 291. Calculate i(3).
-6
Let c(x) = 13*x**2 - 7*x - 38. What is c(-6)?
472
Let l(g) = -15*g - 61. What is l(-12)?
119
Let b(j) = -17*j**2 - 15*j + 39. Calculate b(3).
-159
Let w(n) = n**2 - 28*n + 31. Determine w(-9).
364
Let h(g) = -g**2 + 46*g + 382. What is h(-7)?
11
Let d(r) = r**2 + 20*r - 306. Give d(-28).
-82
Let w(z) = z**3 - 19*z**2 - 18*z - 27. Give w(20).
13
Let u(s) = -107*s - 3140. Calculate u(-29).
-37
Let j(c) = -4*c**2 - 4*c + 1. Give j(1).
-7
Let k(d) = -4*d**3 - 2*d. Calculate k(-1).
6
Let y(b) = -34*b**3 - 194*b**2 + 73*b + 69. What is y(-6)?
-9
Let r(n) = -n**2 + 47*n - 279. Give r(40).
1
Let s(z) = -z**3 + 33*z**2 - 66*z + 80. Give s(31).
-44
Let t(o) = o**3 + 46*o**2 + 127*o - 218. Give t(-43).
-132
Let b(g) = g**3 - 8*g**2 - 36*g + 293. Calculate b(8).
5
Let m(q) = -521*q + 5202. Determine m(10).
-8
Let a(i) = -i**3 - 4*i**2 + 520*i + 104. What is a(21)?
-1
Let r(s) = 2*s**2 + 86*s + 519. Determine r(-7).
15
Let u(f) = -11*f**2 + 285*f - 501. What is u(24)?
3
Let p(o) = 232*o - 55454. Calculate p(239).
-6
Let g(s) = 2*s**2 + 51*s - 589. Give g(9).
32
Let w(h) = h**3 + 33*h**2 - 67*h + 122. Give w(-35).
17
Let z(n) = -n**2 - 23*n + 4. Calculate z(-3).
64
Let c(n) = -n**2 - 22*n + 366. Give c(-33).
3
Let s(n) = -n**3 - 2*n**2 + 95*n - 27. Calculate s(-11).
17
Let a(s) = -3*s**2 + 64*s + 41. Calculate a(22).
-3
Let f(o) = o**2 - 101*o + 1755. Give f(16).
395
Let q(f) = -282*f + 1116. Determine q(4).
-12
Let d(g) = -4*g**2 + 18*g - 71. Determine d(6).
-107
Let f(g) = 83*g + 2682. What is f(-37)?
-389
Let h(i) = -14*i**3 - 5*i**2 - 26*i - 32. Calculate h(-2).
112
Let q(c) = 2*c**2 + 31*c + 73. Calculate q(-3).
-2
Let l(k) = 324*k**2 + 10367*k - 45. What is l(-32)?
-13
Let p(q) = 291*q + 1458. Determine p(-5).
3
Let j(q) = 146*q + 451. What is j(-4)?
-133
Let o(r) = r**3 - 95*r**2 - 6*r + 550. What is o(95)?
-20
Let p(k) = -k**3 - 48*k**2 - 178*k - 4. Determine p(-44).
84
Let q(z) = 2*z**3 + 20*z**2 + 11*z - 63. Determine q(-10).
-173
Let c(n) = -30*n + 1980. Determine c(66).
0
Let d(p) = -17*p**2 + 205*p - 4. Determine d(12).
8
Let y(d) = -d**2 + 45*d - 345. Calculate y(10).
5
Let s(z) = 2*z**2 + 162*z + 1872. What is s(-67)?
-4
Let c(n) = -3*n**2 + 97*n - 158. Give c(33).
-224
L